759955 is divided by 983?
963
Calculate the remainder when 1133 is divided by 47.
5
What is the remainder when 645618 is divided by 31?
12
What is the remainder when 566301 is divided by 37744?
141
What is the remainder when 2143138 is divided by 22?
8
What is the remainder when 772436 is divided by 2493?
2099
What is the remainder when 74315225 is divided by 155?
10
Calculate the remainder when 4377351 is divided by 2188664.
23
Calculate the remainder when 5368574 is divided by 3557.
1061
What is the remainder when 11062998 is divided by 460?
458
Calculate the remainder when 720574 is divided by 9657.
5956
Calculate the remainder when 13844 is divided by 6226.
1392
What is the remainder when 5221612 is divided by 65?
32
Calculate the remainder when 43784 is divided by 4378.
4
Calculate the remainder when 3284435 is divided by 4163.
3991
What is the remainder when 149468 is divided by 16599?
77
What is the remainder when 1508484 is divided by 377121?
0
What is the remainder when 268566 is divided by 134274?
18
Calculate the remainder when 70440810 is divided by 1408816.
10
What is the remainder when 7226265 is divided by 1613?
25
What is the remainder when 1247541 is divided by 883?
745
What is the remainder when 104401107 is divided by 22?
19
What is the remainder when 527286 is divided by 75322?
32
Calculate the remainder when 50801 is divided by 260.
101
Calculate the remainder when 26704365 is divided by 3499.
3496
Calculate the remainder when 1564678 is divided by 773.
126
Calculate the remainder when 1567174 is divided by 27984.
70
What is the remainder when 91780572 is divided by 84?
72
What is the remainder when 1833090 is divided by 307?
300
What is the remainder when 298335 is divided by 149046?
243
What is the remainder when 44281273 is divided by 2767578?
25
Calculate the remainder when 733292922 is divided by 6994.
6992
Calculate the remainder when 63716 is divided by 992.
228
Calculate the remainder when 570304 is divided by 675.
604
What is the remainder when 86820 is divided by 2998?
2876
What is the remainder when 1304042 is divided by 401?
391
Calculate the remainder when 158347 is divided by 855.
172
Calculate the remainder when 132857 is divided by 189.
179
Calculate the remainder when 152433 is divided by 697.
487
Calculate the remainder when 1412651 is divided by 740.
731
Calculate the remainder when 253182 is divided by 183.
93
What is the remainder when 4802689 is divided by 11168?
449
Calculate the remainder when 348893 is divided by 1092.
545
Calculate the remainder when 756886 is divided by 1611.
1327
What is the remainder when 263405 is divided by 22?
21
Calculate the remainder when 5514983 is divided by 471.
44
What is the remainder when 7035288 is divided by 1338?
84
Calculate the remainder when 531725 is divided by 177076.
497
What is the remainder when 163941 is divided by 646?
503
Calculate the remainder when 407340 is divided by 6898.
358
Calculate the remainder when 61845330 is divided by 363796.
10
Calculate the remainder when 1716192 is divided by 1716158.
34
Calculate the remainder when 27752495 is divided by 28.
15
Calculate the remainder when 1508241 is divided by 157.
99
What is the remainder when 400204 is divided by 2340?
64
Calculate the remainder when 462727 is divided by 22031.
76
Calculate the remainder when 2100140 is divided by 9546.
20
Calculate the remainder when 4255939 is divided by 107.
14
Calculate the remainder when 124316 is divided by 244.
120
Calculate the remainder when 142686 is divided by 70887.
912
Calculate the remainder when 2302235 is divided by 22794.
41
Calculate the remainder when 1074952 is divided by 6514.
142
What is the remainder when 88033 is divided by 978?
13
What is the remainder when 33894371 is divided by 54058?
5
Calculate the remainder when 2164413 is divided by 240489.
12
What is the remainder when 13492623 is divided by 1564?
1559
Calculate the remainder when 6752579 is divided by 1599.
2
What is the remainder when 832907 is divided by 832518?
389
What is the remainder when 5355582 is divided by 928?
94
Calculate the remainder when 8089760 is divided by 4044803.
154
What is the remainder when 51571989 is divided by 1977?
1944
What is the remainder when 195826 is divided by 96388?
3050
What is the remainder when 1450950 is divided by 134?
132
What is the remainder when 3505879 is divided by 43?
3
Calculate the remainder when 630466913 is divided by 231.
230
What is the remainder when 183668 is divided by 7952?
772
What is the remainder when 1326597 is divided by 141?
69
Calculate the remainder when 15509588 is divided by 161.
136
Calculate the remainder when 19785 is divided by 2225.
1985
What is the remainder when 1990656 is divided by 53801?
19
What is the remainder when 2711007 is divided by 216?
207
What is the remainder when 3825418 is divided by 86941?
14
Calculate the remainder when 151163 is divided by 37767.
95
What is the remainder when 25247 is divided by 74?
13
Calculate the remainder when 408075 is divided by 81558.
285
Calculate the remainder when 303330 is divided by 75321.
2046
What is the remainder when 3623024 is divided by 2087?
2079
What is the remainder when 949624 is divided by 977?
957
What is the remainder when 808736265 is divided by 13?
12
Calculate the remainder when 96212 is divided by 32048.
68
Calculate the remainder when 1390955 is divided by 34.
15
What is the remainder when 255332 is divided by 36474?
14
What is the remainder when 9654698 is divided by 62?
58
Calculate the remainder when 32006378 is divided by 472.
58
What is the remainder when 68871 is divided by 9664?
1223
What is the remainder when 1790407 is divided by 71616?
7
What is the remainder when 86846660 is divided by 129?
119
What is the remainder when 853718 is divided by 142279?
44
Calculate the remainder when 905894 is divided by 301873.
275
What is the remainder when 2532410 is divided by 46033?
595
What is the remainder when 3660630 is divided by 1220194?
48
Calculate the remainder when 46112669 is divided by 1289.
1272
What is the remainder when 119470 is divided by 29765?
410
Calculate the remainder when 20319069 is divided by 16.
13
Calculate the remainder when 120729 is divided by 2153.
161
What is the remainder when 60650669 is divided by 7?
2
Calculate the remainder when 251819 is divided by 5587.
404
Calculate the remainder when 3772742 is divided by 14.
8
What is the remainder when 13505 is divided by 2208?
257
What is the remainder when 70851 is divided by 2066?
607
What is the remainder when 2108769 is divided by 576?
33
Calculate the remainder when 3489455 is divided by 88.
79
Calculate the remainder when 34221 is divided by 6701.
716
What is the remainder when 2996692 is divided by 214049?
6
Calculate the remainder when 850657 is divided by 3500.
157
What is the remainder when 1921775 is divided by 1551?
86
Calculate the remainder when 3255399 is divided by 397.
396
What is the remainder when 32711 is divided by 419?
29
What is the remainder when 1260258 is divided by 102?
48
What is the remainder when 5446385 is divided by 5446340?
45
Calculate the remainder when 2690857 is divided by 2553.
2548
What is the remainder when 6081772 is divided by 248?
68
Calculate the remainder when 40194 is divided by 4151.
2835
Calculate the remainder when 77449 is divided by 4547.
150
What is the remainder when 93083 is divided by 12?
11
Calculate the remainder when 112429439 is divided by 3353.
3349
What is the remainder when 139347 is divided by 15434?
441
Calculate the remainder when 83638 is divided by 10388.
534
Calculate the remainder when 29857697 is divided by 7464407.
69
Calculate the remainder when 20516278 is divided by 339.
337
Calculate the remainder when 280972 is divided by 53772.
12112
What is the remainder when 1187716 is divided by 933?
7
Calculate the remainder when 13922 is divided by 13836.
86
Calculate the remainder when 1387841 is divided by 173450.
241
What is the remainder when 163266 is divided by 118?
72
Calculate the remainder when 8918693 is divided by 1685.
1673
Calculate the remainder when 849645 is divided by 57.
3
Calculate the remainder when 535199 is divided by 13.
2
What is the remainder when 65916 is divided by 21777?
585
Wh